{"id":15,"date":"2024-02-18T16:26:17","date_gmt":"2024-02-18T15:26:17","guid":{"rendered":"https:\/\/nrcavocat.com\/?page_id=15"},"modified":"2026-02-26T19:47:00","modified_gmt":"2026-02-26T18:47:00","slug":"a-propos-de-maitre-nicolas-ruinier-caubet","status":"publish","type":"page","link":"https:\/\/nrcavocat.com\/index.php\/a-propos-de-maitre-nicolas-ruinier-caubet\/","title":{"rendered":"\u00c0 propos de Ma\u00eetre Nicolas RUINIER-CAUBET"},"content":{"rendered":"\n<figure class=\"wp-block-image alignleft size-large is-resized\"><img loading=\"lazy\" decoding=\"async\" width=\"768\" height=\"1024\" src=\"http:\/\/nrcavocat.com\/wp-content\/uploads\/2024\/02\/IMG_2322-1-768x1024.jpeg\" alt=\"Ma\u00eetre Nicolas RUINIER-CAUBET\" class=\"wp-image-172\" style=\"width:197px;height:auto\" srcset=\"https:\/\/nrcavocat.com\/wp-content\/uploads\/2024\/02\/IMG_2322-1-768x1024.jpeg 768w, https:\/\/nrcavocat.com\/wp-content\/uploads\/2024\/02\/IMG_2322-1-225x300.jpeg 225w, https:\/\/nrcavocat.com\/wp-content\/uploads\/2024\/02\/IMG_2322-1-1152x1536.jpeg 1152w, https:\/\/nrcavocat.com\/wp-content\/uploads\/2024\/02\/IMG_2322-1-1536x2048.jpeg 1536w, https:\/\/nrcavocat.com\/wp-content\/uploads\/2024\/02\/IMG_2322-1-scaled.jpeg 1920w\" sizes=\"(max-width: 768px) 100vw, 768px\" \/><\/figure>\n\n\n\n<div class=\"wp-block-group is-layout-constrained wp-block-group-is-layout-constrained\">\n<p class=\"has-normal-font-size\" style=\"margin-top:var(--wp--preset--spacing--30);margin-bottom:var(--wp--preset--spacing--30)\">Ma\u00eetre Nicolas RUINIER-CAUBET est dipl\u00f4m\u00e9 de la Facult\u00e9 de droit de Toulouse.<\/p>\n\n\n\n<p class=\"has-normal-font-size\" style=\"margin-top:var(--wp--preset--spacing--30);margin-bottom:var(--wp--preset--spacing--30)\">Il est titulaire d\u2019un Master I en<strong> droit p\u00e9nal et sciences criminelles<\/strong> et d\u2019un Master II en <strong>droit p\u00e9nal des affaires<\/strong>, et a \u00e9t\u00e9 re\u00e7u major \u00e0 l\u2019examen d\u2019acc\u00e8s \u00e0 la profession d\u2019Avocat. <\/p>\n\n\n\n<p class=\"has-normal-font-size\" style=\"margin-top:var(--wp--preset--spacing--30);margin-bottom:var(--wp--preset--spacing--30)\">Il est laur\u00e9at du prestigieux concours de la Conf\u00e9rence du Barreau de Toulouse, qui \u00e9lit chaque ann\u00e9e les Avocats destin\u00e9s \u00e0 intervenir dans les affaires criminelles au titre de la d\u00e9fense p\u00e9nale d&#8217;urgence.<\/p>\n\n\n\n<p class=\"has-normal-font-size\" style=\"margin-top:var(--wp--preset--spacing--30);margin-bottom:var(--wp--preset--spacing--30)\">Ma\u00eetre Nicolas RUINIER-CAUBET donne \u00e9galement des cours de droit et de proc\u00e9dure \u00e0 l\u2019Universit\u00e9 Toulouse 1 Capitole (Licence et Master I).<\/p>\n\n\n\n<p class=\"has-normal-font-size\" style=\"margin-top:var(--wp--preset--spacing--30);margin-bottom:var(--wp--preset--spacing--30)\">En outre, il a travaill\u00e9 au sein du Parquet g\u00e9n\u00e9ral de la Cour d\u2019appel de Toulouse aupr\u00e8s des magistrats en charge de la Cour d&#8217;assises, de la d\u00e9linquance \u00e9conomique et financi\u00e8re et de l&#8217;application des peines.<\/p>\n\n\n\n<p class=\"has-normal-font-size\" style=\"margin-top:var(--wp--preset--spacing--30);margin-bottom:var(--wp--preset--spacing--30)\"><strong>Fort de ces exp\u00e9riences,<\/strong> <strong>Maitre Nicolas RUINIER-CAUBET met son expertise au service de la d\u00e9fense de vos int\u00e9r\u00eats<\/strong>. <\/p>\n\n\n\n<p class=\"has-normal-font-size\" style=\"margin-top:var(--wp--preset--spacing--30);margin-bottom:var(--wp--preset--spacing--30)\"><strong>Il vous assiste devant toutes les juridictions r\u00e9pressives fran\u00e7aises<\/strong> (Tribunal de police, Tribunal correctionnel, Cour criminelle, Cour d&#8217;assises, Autorit\u00e9s administratives), que vous soyez <strong>poursuivi comme auteur <\/strong>d&#8217;une infraction, <strong>ou que vous en soyez la victime.<\/strong><\/p>\n\n\n\n<p class=\"has-normal-font-size\" style=\"margin-top:var(--wp--preset--spacing--30);margin-bottom:var(--wp--preset--spacing--30)\">Par ailleurs, Ma\u00eetre Nicolas RUINIER-CAUBET vous d\u00e9fend dans le cadre de vos <strong>litiges civils<\/strong> (responsabilit\u00e9 civile et m\u00e9dicale, dommage corporel, accident de la route, droit routier). <\/p>\n\n\n\n<p class=\"has-normal-font-size\" style=\"margin-top:var(--wp--preset--spacing--30);margin-bottom:var(--wp--preset--spacing--30)\">En cas d&#8217;urgence, il peut vous proposer un rendez-vous en dehors des horaires d&#8217;ouverture de son Cabinet.  Il vous rend \u00e9galement visite en d\u00e9tention partout en France. <\/p>\n<\/div>\n","protected":false},"excerpt":{"rendered":"<p>Ma\u00eetre Nicolas RUINIER-CAUBET est dipl\u00f4m\u00e9 de la Facult\u00e9 de droit de Toulouse. Il est titulaire d\u2019un Master I en droit p\u00e9nal et sciences criminelles et d\u2019un Master II en droit p\u00e9nal des affaires, et a \u00e9t\u00e9 re\u00e7u major \u00e0 l\u2019examen d\u2019acc\u00e8s \u00e0 la profession d\u2019Avocat. Il est laur\u00e9at du prestigieux concours de la Conf\u00e9rence du [&hellip;]<\/p>\n","protected":false},"author":1,"featured_media":0,"parent":0,"menu_order":0,"comment_status":"closed","ping_status":"closed","template":"","meta":{"om_disable_all_campaigns":false,"_monsterinsights_skip_tracking":false,"_monsterinsights_sitenote_active":false,"_monsterinsights_sitenote_note":"","_monsterinsights_sitenote_category":0,"_uf_show_specific_survey":0,"_uf_disable_surveys":false,"footnotes":""},"aioseo_notices":[],"_links":{"self":[{"href":"https:\/\/nrcavocat.com\/index.php\/wp-json\/wp\/v2\/pages\/15"}],"collection":[{"href":"https:\/\/nrcavocat.com\/index.php\/wp-json\/wp\/v2\/pages"}],"about":[{"href":"https:\/\/nrcavocat.com\/index.php\/wp-json\/wp\/v2\/types\/page"}],"author":[{"embeddable":true,"href":"https:\/\/nrcavocat.com\/index.php\/wp-json\/wp\/v2\/users\/1"}],"replies":[{"embeddable":true,"href":"https:\/\/nrcavocat.com\/index.php\/wp-json\/wp\/v2\/comments?post=15"}],"version-history":[{"count":15,"href":"https:\/\/nrcavocat.com\/index.php\/wp-json\/wp\/v2\/pages\/15\/revisions"}],"predecessor-version":[{"id":326,"href":"https:\/\/nrcavocat.com\/index.php\/wp-json\/wp\/v2\/pages\/15\/revisions\/326"}],"wp:attachment":[{"href":"https:\/\/nrcavocat.com\/index.php\/wp-json\/wp\/v2\/media?parent=15"}],"curies":[{"name":"wp","href":"https:\/\/api.w.org\/{rel}","templated":true}]}}